3 + 8*c**2 - 6*c - 9. Determine d(7).
-2
Let q(b) = -50*b - 1. Give q(0).
-1
Let h(d) = 2*d + 5. Determine h(-1).
3
Let z(f) = 2*f**3 - 17*f**2 + 12*f - 23. Give z(8).
9
Let f(n) = -2*n**2 - 9*n - 5. Give f(-3).
4
Let l(p) = -p**3 + 8*p**2 - 4*p - 7. Give l(7).
14
Let v(n) = 3*n**2 - 3*n - 1. Determine v(6).
89
Let n(i) = i**3 + 43*i**2 - 40*i + 176. Give n(-44).
0
Let p(o) = 8*o + 4. What is p(7)?
60
Let k(c) = 2*c - 45. Determine k(19).
-7
Let d(o) = 3*o - 25. Give d(15).
20
Let i(z) = -z + 17. Give i(7).
10
Let u(d) = 7*d + 2. What is u(-5)?
-33
Let j(z) = -z**3 + 9*z**2 - 21*z + 1. Give j(4).
-3
Let x(l) = l**3 - 6*l**2 + 2*l + 2. What is x(6)?
14
Let k(w) = 7*w - 71. Determine k(10).
-1
Let w(c) = 2*c**3 + 7*c**2 - 3*c + 5. Determine w(-4).
1
Let a(t) = 2*t**2 + 91*t + 472. Give a(-6).
-2
Let x(t) = t**3 + 20*t**2 + 50*t - 18. Determine x(-17).
-1
Let n(y) = 3*y - 3. Calculate n(5).
12
Let x(d) = 4*d + 14. Calculate x(-4).
-2
Let y(r) = -r**3 + 13*r**2 - 28*r - 24. Give y(10).
-4
Let k(p) = -p**3 - 8*p**2 + 3. Determine k(-8).
3
Let n(h) = -3*h - 38. Calculate n(-11).
-5
Let g(j) = -38*j + 21. Give g(1).
-17
Let a(d) = -d**2 - 2*d + 2. Calculate a(-3).
-1
Let k(a) = 7*a**3 + a**2 + 2*a - 3. Give k(-2).
-59
Let a(o) = -o**2 + 11*o - 25. What is a(10)?
-15
Let o(s) = -2*s**2 - 5*s + 1. Determine o(-4).
-11
Let s(l) = -105*l**3 - 2*l**2 + 2*l + 3. Calculate s(-1).
104
Let h(a) = 2*a**3 - 19*a**2 + 28*a - 7. Determine h(8).
25
Let s(o) = 17*o + 1. Calculate s(-1).
-16
Let g(w) = -5*w**3 - 70*w**2 - 2*w - 22. Give g(-14).
6
Let p(t) = -3*t**3 - 4*t**2 + 18*t + 60. Determine p(-3).
51
Let u(t) = -6*t**3 + 43*t**2 - 5*t - 14. Give u(7).
0
Let q(i) = -i**3 + 27*i**2 + i - 17. Determine q(27).
10
Let u(q) = q - 16. What is u(18)?
2
Let o(a) = -2*a**2 - 5*a - 11. Give o(-5).
-36
Let i(m) = -m**2 + 26*m + 19. What is i(28)?
-37
Let z(y) = -y**2 - 11*y + 8. What is z(-9)?
26
Let q(j) = j**3 - 7*j**2 + 7*j + 11. Determine q(3).
-4
Let k(u) = -u**3 - 10*u**2 + 12*u - 12. What is k(-11)?
-23
Let n(b) = -b - 3. What is n(11)?
-14
Let q(r) = 2*r**3 - 2*r**2 - r + 1. Determine q(-2).
-21
Let o(b) = -b**2 + 13*b - 30. Calculate o(14).
-44
Let r(s) = -3*s + 13. What is r(15)?
-32
Let w(z) = z**2 + 12*z + 6. What is w(-11)?
-5
Let v(o) = -o**3 + o**2 + 5*o - 11. Calculate v(0).
-11
Let u(m) = m - 3. Give u(-3).
-6
Let v(b) = -b**2 + 2*b - 5. Determine v(4).
-13
Let p(n) = n**2 + 9*n - 11. Give p(-11).
11
Let y(t) = t**3 - 4*t**2 - 10*t - 1. Determine y(5).
-26
Let d(j) = j**2 - 11*j + 33. Determine d(7).
5
Let h(p) = p**2 - 3*p - 3. Determine h(4).
1
Let w(z) = -2*z**2 - 2*z - 6. Calculate w(6).
-90
Let g(b) = -b**3 + b**2 - b - 1. Determine g(-2).
13
Let l(b) = b**2 - 27. Calculate l(7).
22
Let b(d) = -d**3 + 18*d**2 + 19*d - 1. What is b(19)?
-1
Let t(s) = -s**3 + 13*s**2 + 13*s + 5. Give t(14).
-9
Let b(j) = -j**2 + j + 11. Give b(-3).
-1
Let l(v) = v**2 + 14*v - 26. Determine l(-15).
-11
Let x(o) = -o**3 - 5*o**2 - 2*o + 12. What is x(-6)?
60
Let i(q) = 3*q**3 + q**2. Give i(-1).
-2
Let x(z) = 86*z - 855. Calculate x(10).
5
Let p(c) = -3*c**2 + 28*c + 12. Give p(10).
-8
Let h(x) = x**3 - 5*x**2 + 1. Give h(4).
-15
Let v(l) = -l**2 - 22*l + 20. Calculate v(-18).
92
Let z(t) = 5*t - 6. Give z(-2).
-16
Let p(j) = -j**2 - 2*j + 1. Give p(-3).
-2
Let x(o) = o**3 - 12*o**2 - 12*o - 2. Give x(13).
11
Let a(l) = -l**3 + 3*l**2 - 5*l + 10. Calculate a(2).
4
Let a(c) = -10*c - 40. Determine a(-6).
20
Let q(o) = 3*o - 9. What is q(3)?
0
Let g(d) = d**3 + 4*d**2 - 10*d + 16. Determine g(-6).
4
Let t(i) = i**3 + 19*i**2 + 19*i + 9. What is t(-18)?
-9
Let f(u) = -4*u - 57. What is f(-18)?
15
Let d(l) = l + 55. What is d(-16)?
39
Let q(s) = -s**2 - 34*s - 186. Determine q(-27).
3
Let z(c) = -3*c - 8. What is z(-3)?
1
Let f(w) = -3*w + 42. Give f(10).
12
Let z(f) = f**2 + 8*f + 29. What is z(-9)?
38
Let s(g) = -5*g**2 + 9*g - 2. Calculate s(2).
-4
Let h(a) = a**2 + 11*a + 28. Give h(-9).
10
Let m(o) = 12*o - 32. Calculate m(3).
4
Let l(d) = -41*d + 297. Calculate l(7).
10
Let y(d) = -d**3 - 29*d**2 + 35*d + 79. Give y(-30).
-71
Let p(j) = j**3 - 3*j + 5. What is p(2)?
7
Let i(k) = -k**2 + 16*k + 49. Give i(-3).
-8
Let p(n) = 2*n**2 - 3*n - 2. Determine p(4).
18
Let o(z) = -5*z**2 + 14*z + 1. Determine o(3).
-2
Let t(h) = 5*h**2 + 10*h - 25. What is t(3)?
50
Let n(c) = -2*c + 109. What is n(16)?
77
Let x(v) = -2*v - 35. Give x(-18).
1
Let o(n) = -n**2 - 21*n - 88. Give o(-6).
2
Let n(d) = -d**2 + 8*d + 1. Give n(6).
13
Let u(g) = g**3 - 11*g**2 - 59*g. What is u(-4)?
-4
Let o(a) = -6*a**2. What is o(2)?
-24
Let u(q) = q**3 + 42*q**2 + 38*q - 119. Give u(-41).
4
Let o(i) = -14*i - 209. Give o(-14).
-13
Let g(w) = w**2 + 4*w - 173. Give g(-15).
-8
Let a(p) = 3*p - 51. What is a(19)?
6
Let s(f) = -3*f**2 + 5*f - 7. Give s(3).
-19
Let p(y) = -y**3 - 6*y**2 - 6*y - 6. Give p(-5).
-1
Let w(z) = z**3 - z**2 + 3*z + 3. Determine w(3).
30
Let v(r) = 5*r - 259. Give v(53).
6
Let m(l) = -l**3 + 3*l**2 - 2*l - 3. Determine m(3).
-9
Let q(d) = -d**2 + 12*d + 13. What is q(13)?
0
Let k(d) = 12*d + 4. What is k(0)?
4
Let c(n) = 7*n - 11. Determine c(-5).
-46
Let j(o) = 21*o + 4. Give j(2).
46
Let g(t) = -t**3 - 13*t**2 - 39*t + 14. What is g(-6)?
-4
Let a(s) = 2*s**2 - 25*s + 62. Give a(6).
-16
Let l(a) = a**3 + 13*a**2 + 10*a - 134. Calculate l(-11).
-2
Let q(y) = -19*y + 117. What is q(6)?
3
Let p(i) = -i**3 - 29*i**2 + 36*i + 175. Calculate p(-30).
-5
Let d(s) = -s**3 + 10*s**2 - 24*s + 73. Calculate d(8).
9
Let f(t) = t**3 - 11*t**2 + 10*t - 7. What is f(10)?
-7
Let d(x) = -x**3 - 8*x**2 - 3*x - 6. Calculate d(-8).
18
Let w(r) = 2*r**2 + 5*r - 25. What is w(-5)?
0
Let s(n) = 2*n**2 - 10*n - 6. What is s(5)?
-6
Let y(u) = 7*u**2 + 3*u + 7. What is y(-3)?
61
Let r(k) = k**3 - 7*k**2 - k + 2. Determine r(8).
58
Let b(r) = -5*r + 26. Determine b(6).
-4
Let v(f) = f - 12. Determine v(5).
-7
Let k(z) = 2*z**3 + z**2 - 1. Determine k(-1).
-2
Let f(b) = -b**3 + 28*b**2 - 33*b + 159. Calculate f(27).
-3
Let x(g) = -7*g**2 + 2*g. What is x(1)?
-5
Let f(i) = -19*i + 104. What is f(5)?
9
Let q(g) = -8*g - 27. What is q(-4)?
5
Let j(w) = -8*w + 6. What is j(0)?
6
Let f(q) = 7*q**2 + 166*q - 45. Determine f(-24).
3
Let i(h) = 5*h**2 + 7*h - 12. Calculate i(2).
22
Let m(x) = 9*x - 2. What is m(-2)?
-20
Let j(c) = c**2 + c - 4. Determine j(-7).
38
Let c(b) = 6*b - 47. Calculate c(18).
61
Let b(w) = -13*w + 17. What is b(1)?
4
Let u(r) = -r**3 - 7*r**2 - 3*r + 6. What is u(-6)?
-12
Let r(d) = 2*d**2 - 4*d - 6. Determine r(4).
10
Let q(y) = -22*y + 1015. Determine q(46).
3
Let f(n) = 14*n + 704. Calculate f(-50).
4
Let d(n) = 2*n + 15. Determine d(-9).
-3
Let g(d) = -2*d**2 - 24*d + 18. Give g(-13).
-8
Let q(l) = l + 3. Determine q(6).
9
Let c(w) = 10*w**2 + 3*w + 2. Determine c(-1).
9
Let f(u) = 6*u**2 - 45*u + 82. Calculate f(5).
7
Let u(q) = q**3 - 4*q**2 - 8*q + 27. Determine u(4).
-5
Let o(l) = 2*l**2 + 10*l + 15. What is o(-2)?
3
Let h(l) = 7*l + 5. Determine h(4).
33
Let y(g) = 8*g + 1. Calculate y(-1).
-7
Let c(y) = -y**2 - 37. Determine c(0).
-37
Let c(m) = 2*m**2 + 14*m + 18. What is c(-8)?
34
Let j(y) = -10*y - 48. What is j(-4)?
-8
Let h(i) = 2*i**2 - 8*i + 1. Calculate h(6).
25
Let z(f) = -20*f + 7. Determine z(3).
-53
Let v(b) = -5*b - 14. Calculate v(2).
-24
Let d(p) = -66*p + 529. What is d(8)?
1
Let z(h) = h**3 - 36*h**2 + 30*h + 182. What is z(35)?
7
Let v(f) = -f + 2. What is v(12)?
-10
Let b(i) = 2*i**3 + 8*i**2 - 8*i - 47. Determine b(-4).
-15
Let d(z) = -10*z + 704. What is d(70)?
4
Let p(j) = 5*j**2 + 2*j + 1. What is p(-2)?
17
Let n(l) = 2*l - 10. Calculate n(12).
14
Let p(w) = w**2 + 17*w - 18. What is p(-17)?
-18
Let b(r) = -r - 3. What is b(-8)?
5
Let l(q) = 2*q**3 - 24*q**2 - 2*q + 16. Determine l(12).
-8
Let m(k) = -46*k**2 + 4*k - 6. Give m(1).
-48
Let t(j) = j**2 + 90*j + 90. Calculate t(-1).
1
Let s(r) = r + 44. What is s(0)?
44
Let c(i) = -2*i**2 + 11*i + 24. Determine c(10).
-66
Let b(q) = -q**3 - 7*q**2 + q + 14. Calculate b(-7).
7
Let j(o) = -2*o**2 + 3*o + 1. What is j(0)?
1
Let v(h) = h**3 + 6*h**2 - 57*h + 2. Calculate v(5).
-8
Let y(q) = 2*q**3 + 11*q**2 - 13*q - 26. What is y(-6)?
16
Let h(r) = -83*r + 327. Calculate h(4).
-5
Let b(v) = v**3 - 3*v**2 - 2*